1361 prime?
True
Is 21963 composite?
True
Is 69637 a prime number?
False
Is 231107 prime?
True
Is 21089 a prime number?
True
Is 45554 prime?
False
Is 578183 prime?
True
Is 400547 prime?
False
Is 68065 a prime number?
False
Is 97913 a prime number?
False
Is 12601 a prime number?
True
Is 16649 a composite number?
False
Is 22303 a prime number?
True
Is 108833 a composite number?
True
Is 1060861 a composite number?
False
Is 19441 prime?
True
Is 559343 prime?
True
Is 379499 a prime number?
True
Is 80219 prime?
False
Is 3347 composite?
False
Is 33987 composite?
True
Is 1480753 a composite number?
True
Is 77291 prime?
True
Is 703217 a prime number?
True
Is 52361 prime?
True
Is 45593 a prime number?
False
Is 23983 a composite number?
True
Is 140241 prime?
False
Is 181871 composite?
False
Is 25439 composite?
False
Is 23723 a prime number?
False
Is 27011 a composite number?
False
Is 409189 a prime number?
False
Is 8609 composite?
False
Is 5983 composite?
True
Is 378899 prime?
False
Is 81717 a prime number?
False
Is 116939 a composite number?
True
Is 5127 a prime number?
False
Is 404923 prime?
False
Is 215051 prime?
True
Is 1184171 a composite number?
False
Is 153247 composite?
False
Is 10487 prime?
True
Is 184403 composite?
True
Is 22183 a prime number?
False
Is 1193 prime?
True
Is 5201 a prime number?
False
Is 17801 a composite number?
True
Is 11863 composite?
False
Is 307337 a composite number?
False
Is 35039 prime?
False
Is 68857 a prime number?
False
Is 48299 a composite number?
False
Is 114937 composite?
True
Is 41843 composite?
False
Is 1651 a composite number?
True
Is 18089 prime?
True
Is 157585 composite?
True
Is 4759 a prime number?
True
Is 15121 composite?
False
Is 350087 a composite number?
False
Is 42623 composite?
True
Is 72949 a composite number?
False
Is 38431 a prime number?
True
Is 5039 prime?
True
Is 309923 a prime number?
False
Is 51143 composite?
True
Is 100559 a prime number?
True
Is 123055 a prime number?
False
Is 191099 a prime number?
True
Is 6773 a composite number?
True
Is 47365 a prime number?
False
Is 6353 a composite number?
False
Is 3833 a composite number?
False
Is 16921 a composite number?
False
Is 66427 prime?
False
Is 816087 composite?
True
Is 458287 composite?
True
Is 81745 a composite number?
True
Is 99469 composite?
False
Is 27049 a prime number?
False
Is 14239 a composite number?
True
Is 221393 prime?
True
Is 32773 a prime number?
False
Is 1062827 prime?
True
Is 421241 a prime number?
True
Is 60509 a composite number?
False
Is 13367 prime?
True
Is 2545609 composite?
True
Is 580079 composite?
False
Is 717441 a prime number?
False
Is 16645 prime?
False
Is 161413 prime?
False
Is 11307 a prime number?
False
Is 99967 composite?
True
Is 27647 a composite number?
False
Is 23299 a prime number?
False
Is 154871 prime?
True
Is 56777 a prime number?
False
Is 695 composite?
True
Is 3271 composite?
False
Is 145113 a composite number?
True
Is 72374 a prime number?
False
Is 155398 a composite number?
True
Is 88117 a prime number?
True
Is 11369 prime?
True
Is 100059 composite?
True
Is 21769 prime?
False
Is 1523 composite?
False
Is 791 prime?
False
Is 110809 a prime number?
False
Is 3409 composite?
True
Is 4889 a prime number?
True
Is 1656283 prime?
True
Is 800597 a composite number?
True
Is 67357 a composite number?
True
Is 114547 a composite number?
False
Is 38527 a prime number?
False
Is 412285 composite?
True
Is 1847 composite?
False
Is 1027 prime?
False
Is 11617 prime?
True
Is 9403 composite?
False
Is 291191 a composite number?
False
Is 8580061 prime?
False
Is 70607 prime?
True
Is 332237 prime?
False
Is 198199 prime?
False
Is 12037 prime?
True
Is 181361 composite?
False
Is 1247705 composite?
True
Is 188161 a composite number?
True
Is 20639 a prime number?
True
Is 98153 composite?
True
Is 311807 prime?
True
Is 7741 composite?
False
Is 32117 a prime number?
True
Is 2507 composite?
True
Is 548039 a composite number?
False
Is 413183 composite?
False
Is 33207 a prime number?
False
Is 31589 composite?
True
Is 1655807 composite?
False
Is 917477 a prime number?
False
Is 18799 composite?
True
Is 14281 composite?
False
Is 29713 a composite number?
True
Is 98837 a prime number?
True
Is 163073 a composite number?
True
Is 10154 a prime number?
False
Is 76079 a prime number?
True
Is 146131 composite?
True
Is 11113 prime?
True
Is 3683 composite?
True
Is 981941 a composite number?
False
Is 257 a composite number?
False
Is 279001 prime?
True
Is 2010881 a prime number?
True
Is 4327 a composite number?
False
Is 13465 a composite number?
True
Is 1257 prime?
False
Is 17569 a composite number?
False
Is 102513 a composite number?
True
Is 2729 prime?
True
Is 292133 prime?
True
Is 2043269 a prime number?
True
Is 297151 a composite number?
False
Is 16759 prime?
True
Is 1155851 composite?
False
Is 7493 a prime number?
False
Is 423601 a composite number?
False
Is 1688923 composite?
False
Is 6835 composite?
True
Is 17086 a composite number?
True
Is 105071 a composite number?
False
Is 3761 composite?
False
Is 503707 prime?
True
Is 13227 a composite number?
True
Is 1009237 composite?
False
Is 307361 a prime number?
True
Is 122359 a prime number?
False
Is 10427 composite?
False
Is 69191 a prime number?
True
Is 5147 a composite number?
False
Is 29917 a composite number?
False
Is 419921 a composite number?
False
Is 59333 prime?
True
Is 447 prime?
False
Is 559131 composite?
True
Is 14761 a prime number?
False
Is 87277 composite?
False
Is 9131 composite?
True
Is 44617 a prime number?
True
Is 9469 prime?
False
Is 293 a prime number?
True
Is 637993 prime?
False
Is 7867 a prime number?
True
Is 97499 prime?
True
Is 2309 prime?
True
Is 4769 a prime number?
False
Is 5269 a composite number?
True
Is 27359 composite?
True
Is 57839 composite?
False
Is 3077245 a composite number?
True
Is 83123 a prime number?
False
Is 31 prime?
True
Is 160141 prime?
True
Is 5702 prime?
False
Is 8743 prime?
False
Is 4393 a composite number?
True
Is 442019 composite?
False
Is 8491 a prime number?
False
Is 1931 prime?
True
Is 21778 prime?
False
Is 300557 prime?
True
Is 87949 prime?
False
Is 16138 a composite number?
True
Is 150671 composite?
True
Is 26233 a prime number?
False
Is 296809 prime?
False
Is 8603 composite?
True
Is 38105 a prime number?
False
Is 235721 a prime number?
False
Is 3449 a prime number?
True
Is 745 a composite number?
True
Is 1186 a prime number?
False
Is 181537 prime?
True
Is 14395 composite?
True
Is 27139 composite?
True
Is 3761 composite?
False
Is 498583 a prime number?
True
Is 23431 composite?
False
Is 8539 prime?
True
Is 15101 a composite number?
False
Is 9458 a composite number?
True
Is 24877 composite?
False
Is 159263 prime?
False
Is 58657 a composite number?
False
Is 332313 prime?
False
Is 2221 a prime number?
True
Is 233531 prime?
False
Is 274099 a prime number?
False
Is 3676339 a composite number?
False
Is 3203 composite?
False
Is 73685 a prime number?
False
Is 4054 a composite number?
True
Is 11167 a composite number?
True
Is 28403 composite?
False
Is 6589 a composite number?
True
Is 356363 a composite number?
True
Is 10781 prime?
True
Is 380041 a prime number?
True
Is 793091 composite?
True
Is 664403 a prime number?
True
Is 31687 a composite number?
False
Is 3719 prime?
True
Is 1731 composite?
True
Is 74123 composite?
True
Is 776879 a prime number?
True
Is 5878 composite?
True
Is 758401 a composite number?
True
Is 38431 prime?
True
Is 84629 prime?
True
Is 31883 a composite number?
False
Is 55039 a prime number?
False
Is 61403 composite?
False
Is 265751 a prime number?
False
Is 235289 composite?
False
Is 467543 composite?
False
Is 60583 prime?
False
Is 25679 a prime number?
True
Is 67753 prime?
False
Is 6731 prime?
False
Is 29717 a composite number?
False
Is 1754 a composite number?
True
Is 33721 a prime number?
True
Is 148477 a prime number?
False
Is 125321 prime?
False
Is 235159 prime?
True
Is 1171 prime?
True
Is 278183 prime?
False
Is 1337 a prime number?
False
Is 33171 prime?
False
Is 448849 a composite number?
True
Is 1943 composite?
True
Is 436261 a composite number?
True
Is 245251 prime?
True
Is 4091 a prime number?
True
Is 183451 prime?
True
Is 10007 composite?
False
Is 37463 a composite number?
False
Is 261809 a composite number?
True
Is 291309 a